{"id":4586,"date":"2017-03-21T16:02:40","date_gmt":"2017-03-21T15:02:40","guid":{"rendered":"http:\/\/www.naturweg.ch\/naturweg\/?page_id=4586"},"modified":"2017-03-21T16:05:54","modified_gmt":"2017-03-21T15:05:54","slug":"nepal","status":"publish","type":"page","link":"https:\/\/www.naturweg.ch\/naturweg\/galerie\/reise-infos\/nepal\/","title":{"rendered":"Nepal"},"content":{"rendered":"<table class=\"contentpaneopen\">\n<tbody>\n<tr>\n<td valign=\"top\"><strong>Nepal<\/strong> liegt etwas n\u00f6rdlich des \u00c4quators, auf dem Dach der Welt<\/p>\n<p>umgeben vom h\u00f6chsten Gebirge der Erde, dem Himalaya.<\/p>\n<p>Von 14 (vierzehn) 8000-er liegen 8 in Nepal!&nbsp;<\/p>\n<table>\n<tbody>\n<tr valign=\"top\">\n<td valign=\"top\">Gr\u00f6sse\/Lage<\/td>\n<td valign=\"top\">&#8211; Schweiz plus \u00d6sterreich = Nepal<\/p>\n<p>&#8211; 885 km lang, 200 km breit, ca. 300 \u2013 8846m \u00fcM<\/p>\n<p>&#8211; Klimatische Vielfalt: subtropisch bis eisig<\/p>\n<p>&#8211; Hinduk\u00f6nigreich zwischen Indien und Tibet = China<\/td>\n<\/tr>\n<tr>\n<td valign=\"top\">Politisch:<\/td>\n<td valign=\"top\">&#8211; Monarchie mit eingeschr\u00e4nkter Demokratie, grosser<\/td>\n<\/tr>\n<tr>\n<td valign=\"top\">Staatsapparat<\/td>\n<td valign=\"top\">&#8211; Probleme mit Maoisten und div. Gruppierungen und<\/p>\n<p>&nbsp; leider ist Korruption nicht auszuschliessen.<\/td>\n<\/tr>\n<tr>\n<td valign=\"top\">Einwohner:<\/td>\n<td valign=\"top\">&#8211; ca. 23 Mio., H\u00e4lfte unter 16 Jahren<\/td>\n<\/tr>\n<tr>\n<td valign=\"top\">Nationalparks:<\/td>\n<td valign=\"top\">&#8211; 10% der Fl\u00e4che von Nepal<\/td>\n<\/tr>\n<tr>\n<td valign=\"top\">Schutzgebiete:<\/td>\n<td valign=\"top\">&#8211; diverse zB. Annapurna (mit Eintrittspreis)<\/td>\n<\/tr>\n<tr>\n<td valign=\"top\">Bev\u00f6lkerung:<\/td>\n<td valign=\"top\">&#8211; 85% Hindu, 8% Buddisten, 4% Moslime<\/p>\n<p>&#8211; 100 Volksgruppen, 60 Kasten<\/td>\n<\/tr>\n<tr>\n<td valign=\"top\">W\u00e4hrung:<\/td>\n<td valign=\"top\">&#8211; Ruppie<\/td>\n<\/tr>\n<tr>\n<td valign=\"top\">&nbsp;Sprachen:<\/td>\n<td valign=\"top\">&#8211; ca. 32 aber auch englisch<\/td>\n<\/tr>\n<tr>\n<td valign=\"top\">Grosse Probleme:<\/td>\n<td valign=\"top\">&#8211; 50% der Kinder leiden an Mangel- oder Unterern\u00e4hrung<\/p>\n<p>&#8211; Lebenserwartung ca. 54 Jahre<\/p>\n<p>&#8211; Probleme: Abf\u00e4lle, Abwasser, Hygiene, Bildung,<\/p>\n<p>&nbsp;&nbsp; Verkehrswege und Verbindungen, Luftverschmutzung<\/p>\n<p>&nbsp;&nbsp; in den St\u00e4dten (2-Taktfahrzeuge usw.), Maoisten, &#8230;<\/td>\n<\/tr>\n<tr>\n<td valign=\"top\">&nbsp;Hauptstadt:<\/td>\n<td valign=\"top\">&nbsp;&#8211; Kathmandu liegt auf 1300m \u00fcM, ca. 700&#8217;000 Einwohner&nbsp;<\/td>\n<\/tr>\n<tr>\n<td valign=\"top\">&nbsp; \ud83d\ude42&nbsp;<\/p>\n<p>Leider&#8230;<\/td>\n<td valign=\"top\">Nepal ist ein Land mit wundersch\u00f6ner Natur und freundlichen Menschen.<\/p>\n<p>Wie so oft im Leben geh\u00f6rt auch Armut mit all den Problemen zum Alltag!<\/td>\n<\/tr>\n<\/tbody>\n<\/table>\n<\/td>\n<\/tr>\n<\/tbody>\n<\/table>\n<p>&nbsp;<\/p>\n","protected":false},"excerpt":{"rendered":"<p>Nepal liegt etwas n\u00f6rdlich des \u00c4quators, auf dem Dach der Welt umgeben vom h\u00f6chsten Gebirge der Erde, dem Himalaya. Von 14 (vierzehn) 8000-er liegen 8 in Nepal!&nbsp; Gr\u00f6sse\/Lage &#8211; Schweiz plus \u00d6sterreich = Nepal &#8211; 885 km lang, 200 km breit, ca. 300 \u2013 8846m \u00fcM &#8211; Klimatische Vielfalt: subtropisch bis eisig &#8211; Hinduk\u00f6nigreich zwischen [&hellip;]<\/p>\n","protected":false},"author":1,"featured_media":0,"parent":4584,"menu_order":0,"comment_status":"closed","ping_status":"closed","template":"","meta":{"ngg_post_thumbnail":0,"footnotes":""},"class_list":["post-4586","page","type-page","status-publish","hentry","post-preview"],"_links":{"self":[{"href":"https:\/\/www.naturweg.ch\/naturweg\/wp-json\/wp\/v2\/pages\/4586","targetHints":{"allow":["GET"]}}],"collection":[{"href":"https:\/\/www.naturweg.ch\/naturweg\/wp-json\/wp\/v2\/pages"}],"about":[{"href":"https:\/\/www.naturweg.ch\/naturweg\/wp-json\/wp\/v2\/types\/page"}],"author":[{"embeddable":true,"href":"https:\/\/www.naturweg.ch\/naturweg\/wp-json\/wp\/v2\/users\/1"}],"replies":[{"embeddable":true,"href":"https:\/\/www.naturweg.ch\/naturweg\/wp-json\/wp\/v2\/comments?post=4586"}],"version-history":[{"count":2,"href":"https:\/\/www.naturweg.ch\/naturweg\/wp-json\/wp\/v2\/pages\/4586\/revisions"}],"predecessor-version":[{"id":4590,"href":"https:\/\/www.naturweg.ch\/naturweg\/wp-json\/wp\/v2\/pages\/4586\/revisions\/4590"}],"up":[{"embeddable":true,"href":"https:\/\/www.naturweg.ch\/naturweg\/wp-json\/wp\/v2\/pages\/4584"}],"wp:attachment":[{"href":"https:\/\/www.naturweg.ch\/naturweg\/wp-json\/wp\/v2\/media?parent=4586"}],"curies":[{"name":"wp","href":"https:\/\/api.w.org\/{rel}","templated":true}]}}